{"id":53,"date":"2018-10-27T15:22:59","date_gmt":"2018-10-27T15:22:59","guid":{"rendered":"https:\/\/dasfliesenhaus-mennrath.com\/?page_id=53"},"modified":"2021-09-24T19:17:07","modified_gmt":"2021-09-24T19:17:07","slug":"leistungen","status":"publish","type":"page","link":"https:\/\/dasfliesenhaus-geneicken.de\/?page_id=53","title":{"rendered":"Leistungen"},"content":{"rendered":"\n<p>&#8211; Beratung und Aufma\u00df vor Ort<\/p>\n\n\n\n<p>&#8211; \u00a0Reparaturservice.<\/p>\n\n\n\n<p>&#8211; Verlegung und Verkauf von Fliesen und Naturstein.<\/p>\n\n\n\n<p>&#8211; Sanierung von Wand, Boden und Treppenbel\u00e4gen im Innen und Au\u00dfenbereich.<\/p>\n\n\n\n<p>&#8211; Verlegung von Gro\u00dfformatigen Fliesen: 1,00&#215;1,00, bis 3,20&#215;1,60.<\/p>\n\n\n\n<p>&#8211; Herstellen von Ebenerdigen und barrierefreien Duschen.<\/p>\n\n\n\n<p>&#8211; Nahezu Staubfreie Sanierung mit Staubabsaugsystem.<\/p>\n","protected":false},"excerpt":{"rendered":"<p>&#8211; Beratung und Aufma\u00df vor Ort &#8211; \u00a0Reparaturservice. &#8211; Verlegung und Verkauf von Fliesen und Naturstein. &#8211; Sanierung von Wand, Boden und Treppenbel\u00e4gen im Innen und Au\u00dfenbereich. &#8211; Verlegung von Gro\u00dfformatigen Fliesen: 1,00&#215;1,00, bis 3,20&#215;1,60. &#8211; Herstellen von Ebenerdigen und barrierefreien Duschen. &#8211; Nahezu Staubfreie Sanierung mit Staubabsaugsystem.<\/p>\n","protected":false},"author":1,"featured_media":0,"parent":0,"menu_order":0,"comment_status":"closed","ping_status":"closed","template":"","meta":{"_genesis_hide_title":false,"_genesis_hide_breadcrumbs":false,"_genesis_hide_singular_image":false,"_genesis_hide_footer_widgets":false,"_genesis_custom_body_class":"","_genesis_custom_post_class":"","_genesis_layout":"","ngg_post_thumbnail":0,"footnotes":""},"class_list":{"0":"post-53","1":"page","2":"type-page","3":"status-publish","5":"entry"},"_links":{"self":[{"href":"https:\/\/dasfliesenhaus-geneicken.de\/index.php?rest_route=\/wp\/v2\/pages\/53","targetHints":{"allow":["GET"]}}],"collection":[{"href":"https:\/\/dasfliesenhaus-geneicken.de\/index.php?rest_route=\/wp\/v2\/pages"}],"about":[{"href":"https:\/\/dasfliesenhaus-geneicken.de\/index.php?rest_route=\/wp\/v2\/types\/page"}],"author":[{"embeddable":true,"href":"https:\/\/dasfliesenhaus-geneicken.de\/index.php?rest_route=\/wp\/v2\/users\/1"}],"replies":[{"embeddable":true,"href":"https:\/\/dasfliesenhaus-geneicken.de\/index.php?rest_route=%2Fwp%2Fv2%2Fcomments&post=53"}],"version-history":[{"count":13,"href":"https:\/\/dasfliesenhaus-geneicken.de\/index.php?rest_route=\/wp\/v2\/pages\/53\/revisions"}],"predecessor-version":[{"id":214,"href":"https:\/\/dasfliesenhaus-geneicken.de\/index.php?rest_route=\/wp\/v2\/pages\/53\/revisions\/214"}],"wp:attachment":[{"href":"https:\/\/dasfliesenhaus-geneicken.de\/index.php?rest_route=%2Fwp%2Fv2%2Fmedia&parent=53"}],"curies":[{"name":"wp","href":"https:\/\/api.w.org\/{rel}","templated":true}]}}