{"id":36,"date":"2018-10-27T15:18:09","date_gmt":"2018-10-27T15:18:09","guid":{"rendered":"https:\/\/dasfliesenhaus-mennrath.com\/?page_id=36"},"modified":"2019-01-23T17:02:44","modified_gmt":"2019-01-23T17:02:44","slug":"kuechen-fliesen","status":"publish","type":"page","link":"https:\/\/dasfliesenhaus-geneicken.de\/?page_id=36","title":{"rendered":"K\u00fcchen Fliesen"},"content":{"rendered":"\n<p style=\"text-align:left\">Der Boden der K\u00fcche ist im Vergleich zu allen anderen Fu\u00dfb\u00f6den der Wohnung die am st\u00e4rksten beanspruchte Fl\u00e4che. In keinem Raum des Hauses wird ein Belag so \u201egetreten und beschmutzt\u201c wie in der K\u00fcche.<br><\/p>\n\n\n\n<ul class=\"wp-block-gallery columns-3 is-cropped wp-block-gallery-1 is-layout-flex wp-block-gallery-is-layout-flex\"><li class=\"blocks-gallery-item\"><figure><img loading=\"lazy\" decoding=\"async\" width=\"600\" height=\"600\" src=\"https:\/\/dasfliesenhaus-mennrath.com\/wp-content\/uploads\/2018\/10\/01.jpg\" alt=\"\" data-id=\"117\" data-link=\"https:\/\/dasfliesenhaus-mennrath.com\/?attachment_id=117\" class=\"wp-image-117\" srcset=\"https:\/\/dasfliesenhaus-geneicken.de\/wp-content\/uploads\/2018\/10\/01.jpg 600w, https:\/\/dasfliesenhaus-geneicken.de\/wp-content\/uploads\/2018\/10\/01-150x150.jpg 150w, https:\/\/dasfliesenhaus-geneicken.de\/wp-content\/uploads\/2018\/10\/01-300x300.jpg 300w\" sizes=\"auto, (max-width: 600px) 100vw, 600px\" \/><\/figure><\/li><li class=\"blocks-gallery-item\"><figure><img loading=\"lazy\" decoding=\"async\" width=\"600\" height=\"600\" src=\"https:\/\/dasfliesenhaus-mennrath.com\/wp-content\/uploads\/2018\/10\/01a.jpg\" alt=\"\" data-id=\"118\" data-link=\"https:\/\/dasfliesenhaus-mennrath.com\/?attachment_id=118\" class=\"wp-image-118\" srcset=\"https:\/\/dasfliesenhaus-geneicken.de\/wp-content\/uploads\/2018\/10\/01a.jpg 600w, https:\/\/dasfliesenhaus-geneicken.de\/wp-content\/uploads\/2018\/10\/01a-150x150.jpg 150w, https:\/\/dasfliesenhaus-geneicken.de\/wp-content\/uploads\/2018\/10\/01a-300x300.jpg 300w\" sizes=\"auto, (max-width: 600px) 100vw, 600px\" \/><\/figure><\/li><li class=\"blocks-gallery-item\"><figure><img loading=\"lazy\" decoding=\"async\" width=\"600\" height=\"600\" src=\"https:\/\/dasfliesenhaus-mennrath.com\/wp-content\/uploads\/2018\/10\/05.jpg\" alt=\"\" data-id=\"119\" data-link=\"https:\/\/dasfliesenhaus-mennrath.com\/?attachment_id=119\" class=\"wp-image-119\" srcset=\"https:\/\/dasfliesenhaus-geneicken.de\/wp-content\/uploads\/2018\/10\/05.jpg 600w, https:\/\/dasfliesenhaus-geneicken.de\/wp-content\/uploads\/2018\/10\/05-150x150.jpg 150w, https:\/\/dasfliesenhaus-geneicken.de\/wp-content\/uploads\/2018\/10\/05-300x300.jpg 300w\" sizes=\"auto, (max-width: 600px) 100vw, 600px\" \/><\/figure><\/li><\/ul>\n\n\n\n<p><\/p>\n","protected":false},"excerpt":{"rendered":"<p>Der Boden der K\u00fcche ist im Vergleich zu allen anderen Fu\u00dfb\u00f6den der Wohnung die am st\u00e4rksten beanspruchte Fl\u00e4che. In keinem Raum des Hauses wird ein Belag so \u201egetreten und beschmutzt\u201c wie in der K\u00fcche.<\/p>\n","protected":false},"author":1,"featured_media":117,"parent":0,"menu_order":0,"comment_status":"closed","ping_status":"closed","template":"","meta":{"_genesis_hide_title":false,"_genesis_hide_breadcrumbs":false,"_genesis_hide_singular_image":false,"_genesis_hide_footer_widgets":false,"_genesis_custom_body_class":"","_genesis_custom_post_class":"","_genesis_layout":"","ngg_post_thumbnail":0,"footnotes":""},"class_list":{"0":"post-36","1":"page","2":"type-page","3":"status-publish","4":"has-post-thumbnail","6":"entry"},"_links":{"self":[{"href":"https:\/\/dasfliesenhaus-geneicken.de\/index.php?rest_route=\/wp\/v2\/pages\/36","targetHints":{"allow":["GET"]}}],"collection":[{"href":"https:\/\/dasfliesenhaus-geneicken.de\/index.php?rest_route=\/wp\/v2\/pages"}],"about":[{"href":"https:\/\/dasfliesenhaus-geneicken.de\/index.php?rest_route=\/wp\/v2\/types\/page"}],"author":[{"embeddable":true,"href":"https:\/\/dasfliesenhaus-geneicken.de\/index.php?rest_route=\/wp\/v2\/users\/1"}],"replies":[{"embeddable":true,"href":"https:\/\/dasfliesenhaus-geneicken.de\/index.php?rest_route=%2Fwp%2Fv2%2Fcomments&post=36"}],"version-history":[{"count":7,"href":"https:\/\/dasfliesenhaus-geneicken.de\/index.php?rest_route=\/wp\/v2\/pages\/36\/revisions"}],"predecessor-version":[{"id":204,"href":"https:\/\/dasfliesenhaus-geneicken.de\/index.php?rest_route=\/wp\/v2\/pages\/36\/revisions\/204"}],"wp:featuredmedia":[{"embeddable":true,"href":"https:\/\/dasfliesenhaus-geneicken.de\/index.php?rest_route=\/wp\/v2\/media\/117"}],"wp:attachment":[{"href":"https:\/\/dasfliesenhaus-geneicken.de\/index.php?rest_route=%2Fwp%2Fv2%2Fmedia&parent=36"}],"curies":[{"name":"wp","href":"https:\/\/api.w.org\/{rel}","templated":true}]}}